is 0 (base 7) in base 6?
0
What is 1220 (base 6) in base 12?
210
-47 (base 11) to base 9
-56
Convert -1 (base 11) to base 10.
-1
112 (base 7) to base 15
3d
What is -10 (base 14) in base 4?
-32
What is 2 (base 10) in base 8?
2
3 (base 16) to base 14
3
-38 (base 15) to base 5
-203
7 (base 9) to base 4
13
15 (base 13) to base 2
10010
22 (base 6) to base 10
14
-1 (base 14) to base 8
-1
What is -70 (base 12) in base 5?
-314
Convert 6 (base 8) to base 12.
6
Convert -1 (base 14) to base 13.
-1
What is -7 (base 14) in base 2?
-111
-7 (base 10) to base 16
-7
What is 10c (base 14) in base 4?
3100
4 (base 6) to base 4
10
434 (base 5) to base 14
87
What is 9 (base 12) in base 8?
11
What is 211 (base 5) in base 16?
38
-21 (base 16) to base 4
-201
What is -30 (base 8) in base 3?
-220
0 (base 8) to base 2
0
Convert -19 (base 12) to base 3.
-210
-3 (base 12) to base 14
-3
Convert -21 (base 5) to base 2.
-1011
Convert -145 (base 6) to base 3.
-2102
Convert 12 (base 4) to base 6.
10
What is 12122 (base 3) in base 10?
152
Convert 27 (base 15) to base 14.
29
What is 13 (base 8) in base 7?
14
20 (base 5) to base 3
101
-2 (base 8) to base 14
-2
4 (base 6) to base 9
4
What is -3 (base 9) in base 14?
-3
-11 (base 11) to base 10
-12
What is 0 (base 7) in base 5?
0
22 (base 13) to base 8
34
Convert -6 (base 16) to base 7.
-6
Convert -13 (base 4) to base 15.
-7
What is 1c (base 16) in base 3?
1001
What is -5 (base 10) in base 3?
-12
What is -2 (base 9) in base 10?
-2
0 (base 16) to base 10
0
-12 (base 4) to base 3
-20
Convert -49 (base 15) to base 4.
-1011
What is 11000 (base 2) in base 14?
1a
-5 (base 14) to base 11
-5
-1101 (base 3) to base 2
-100101
Convert -41 (base 5) to base 3.
-210
-25 (base 15) to base 16
-23
6 (base 12) to base 14
6
Convert -10 (base 3) to base 11.
-3
110000100 (base 2) to base 8
604
0 (base 3) to base 4
0
-645 (base 7) to base 8
-507
What is b (base 14) in base 13?
b
Convert -20 (base 4) to base 5.
-13
-12 (base 4) to base 8
-6
-1220 (base 3) to base 10
-51
What is 4 (base 10) in base 8?
4
Convert -146 (base 9) to base 10.
-123
What is -33 (base 5) in base 9?
-20
What is -10 (base 15) in base 7?
-21
111 (base 2) to base 15
7
Convert -1 (base 12) to base 3.
-1
-5 (base 6) to base 14
-5
What is -12 (base 12) in base 9?
-15
16 (base 8) to base 4
32
What is -534 (base 6) in base 9?
-244
What is 10 (base 4) in base 8?
4
1 (base 13) to base 4
1
-2 (base 5) to base 15
-2
200 (base 13) to base 4
11102
-45 (base 13) to base 8
-71
3a (base 11) to base 9
47
-12 (base 5) to base 11
-7
What is -20 (base 5) in base 3?
-101
Convert -22 (base 15) to base 5.
-112
What is -3 (base 14) in base 2?
-11
Convert 45 (base 7) to base 8.
41
Convert 3 (base 9) to base 3.
10
Convert -1011 (base 2) to base 11.
-10
What is 1 (base 12) in base 2?
1
Convert b (base 14) to base 12.
b
3 (base 11) to base 12
3
Convert 22 (base 5) to base 6.
20
What is 10000011 (base 2) in base 8?
203
7 (base 12) to base 2
111
-1 (base 13) to base 3
-1
Convert 54 (base 6) to base 8.
42
-4 (base 16) to base 5
-4
4 (base 16) to base 2
100
0 (base 13) to base 5
0
Convert -6 (base 12) to base 3.
-20
What is 23 (base 9) in base 4?
111
What is -12 (base 6) in base 3?
-22
Convert 5 (base 7) to base 10.
5
What is -7 (base 11) in base 10?
-7
What is 1 (base 2) in base 10?
1
Convert -d3 (base 15) to base 5.
-1243
-27 (base 12) to base 14
-23
What is 47 (base 13) in base 9?
65
-301 (base 6) to base 15
-74
Convert 10001110 (base 2) to base 10.
142
What is 1 (base 14) in base 7?
1
7e (base 16) to base 5
1001
-2 (base 13) to base 4
-2
1 (base 2) to base 14
1
Convert 42 (base 15) to base 6.
142
What is 103 (base 14) in base 10?
199
Convert 12 (base 6) to base 11.
8
What is 13 (base 15) in base 8?
22
Convert 5 (base 9) to base 8.
5
Convert -42 (base 12) to base 14.
-38
What is 0 (base 2) in base 16?
0
Convert -96 (base 13) to base 11.
-102
Convert -1013 (base 4) to base 11.
-65
16 (base 8) to base 3
112
What is -26 (base 13) in base 6?
-52
What is 4 (base 9) in base 8?
4
Convert -2 (base 12) to base 4.
-2
120 (base 9) to base 13
78
Convert 14 (base 9) to base 5.
23
-2 (base 3) to base 14
-2
What is -1 (base 13) in base 9?
-1
-11 (base 8) to base 16
-9
-1 (base 5) to base 8
-1
Convert -36 (base 13) to base 5.
-140
Convert 12021 (base 3) to base 15.
97
What is -12 (base 11) in base 6?
-21
Convert -20 (base 3) to base 9.
-6
-1 (base 10) to base 12
-1
-5 (base 14) to base 3
-12
Convert 110000 (base 2) to base 5.
143
Convert 70 (base 15) to base 10.
105
What is -130 (base 4) in base 14?
-20
What is 101111101 (base 2) in base 8?
575
What is -1 (base 14) in base 12?
-1
What is -20 (base 5) in base 8?
-12
What is 0 (base 4) in base 12?
0
What is -5 (base 14) in base 5?
-10
What is -51 (base 10) in base 14?
-39
-58 (base 13) to base 16
-49
-20 (base 8) to base 14
-12
Convert 1 (base 14) to base 12.
1
-31 (base 14) to base 9
-47
-12 (base 6) to base 16
-8
-2 (base 15) to base 2
-10
Convert -611 (base 8) to base 3.
-112120
1 (base 15) to base 12
1
Convert -13 (base 14) to base 15.
-12
-25 (base 7) to base 12
-17
Convert -242 (base 11) to base 10.
-288
11 (base 10) to base 6
15
-3 (base 7) to base 12
-3
What is -1 (base 8) in base 13?
-1
-101 (base 2) to base 6
-5
Convert -45 (base 7) to base 14.
-25
Convert 4 (base 12) to base 9.
4
-8 (base 14) to base 4
-20
What is 13 (base 9) in base 6?
20
What is -82 (base 13) in base 15?
-71
What is 2 (base 12) in base 6?
2
What is -13 (base 6) in base 8?
-11
What is -1 (base 6) in base 5?
-1
What is 111 (base 2) in base 16?
7
Convert 2b (base 16) to base 10.
43
Convert 12021 (base 3) to base 12.
ba
Convert 45 (base 6) to base 7.
41
What is 54 (base 9) in base 14?
37
Convert 0 (base 2) to base 16.
0
What is 18 (base 14) in base 10?
22
Convert -2 (base 4) to base 10.
-2
What is -13 (base 4) in base 16?
-7
Convert -10 (base 4) to base 5.
-4
What is -1 (base 8) in base 6?
-1
Convert -6 (base 12) to base 6.
-10
-b (base 12) to base 13
-b
Convert -2 (base 10) to base 4.
-2
What is 1131 (base 4) in base 16?
5d
Convert 89 (base 10) to base 9.
108
What is -47 (base 9) in base 15?
-2d
What is 3 (base 6) in base 8?
3
What is 34 (base 10) in base 9?
37
Convert 100 (base 2) to base 6.
4
What is -e (base 16) in base 14?
-10
2 (base 9) to base 5
2
What is 10100000 (base 2) in base 16?
a0
-150 (base 7) to base 8
-124
What is a (base 16) in base 4?
22
Convert 43 (base 9) to base 16.
27
Convert -6 (base 16) to base 13.
-6
Convert 102 (base 6) to base 11.
35
What is -44 (base 12) in base 13?
-40
Convert 42 (base 16) to base 11.
60
Convert -5 (base 8) to base 10.
-5
Convert 5 (base 6) to base 2.
101
Convert 22 (base 11) to base 5.
44
Convert -1222 (base 3) to base 16.
-35
What is -11 (base 9) in base 2?
-1010
d (base 15) to base 3
111
e (base 16) to base 12
12
-213 (base 4) to base 8
-47
Convert 1 (base 16) to base 13.
1
Convert -5b (base 15) to base 13.
-68
What is -2 (base 7) in base 14?
-2
Convert 1010 (base 2) to base 5.
20
3 (base 6) to base 14
3
-17 (base 12) to base 15
-14
What is -7 (base 11) in base 4?
-13
What is 502 (base 7) in base 13?
160
-3 (base 15) to base 4
-3
What is -2 (base 11) in base 15?
-2
Convert -27 (base 8) to base 15.
-18
-1 (base 2) to base 14
-1
Convert 18 (base 13) to base 2.
10101
Convert -2c (base 16) to base 4.
-230
Convert -21201 (base 3) to base 16.
-d0
-2 (base 5) to base 15
-2
Convert 1 (base 11) to base 15.
1
-13 (base 6) to base 16
-9
Convert -5 (base 6) to base 16.
-5
-5 (base 16) to base 14
-5
What is 29 (base 16) in base 7?
56
What is 9 (base 10) in base 4?
21
What is -3 (base 11) in base 6?
-3
Convert 33 (base 5) to base 4.
102
-15 (base 7) to base 13
-c
What is 2 (base 5) in base 11?
2
-8 (base 16) to base 2
-1000
-110 (base 3) to base 11
-11
58 (base 16) to base 14
64
What is -4 (base 16) in base 5?
-4
Convert 10 (base 3) to base 6.
3
Convert -3 (base 6) to base 15.
-3
What is -a (base 12) in base 9?
-11
-62 (base 13) to base 8
-120
-1 (base 13) to base 5
-1
4 (base 8) to base 7
4
-1 (base 8) to base 15
-1
3 (base 11) to base 2
11
120 (base 3) to base 16
f
-12 (base 3) to base 10
-5
What is 123 (base 7) in base 2?
1000010
1 (base 3) to base 11
1
Convert -1e (base 16) to base 4.
-132
What is dc (base 16) in base 13?
13c
Convert -1a (base 14) to base 13.
-